5. Let z = n - -1. Calculate the highest common divisor of 42 and z.
14
Suppose 0 = -3*z + 427 + 35. Calculate the greatest common factor of 14 and z.
14
Suppose -31 - 17 = -4*b. Suppose b = k + 3. Let q = 44 + -17. What is the greatest common divisor of q and k?
9
Suppose -2*j = -3*i - 14 - 15, 2*j + 2*i - 34 = 0. Let n = 28 - j. What is the highest common divisor of 60 and n?
12
Suppose -16 = -4*h + 4*j, -2*h = 2*h - 3*j - 20. What is the highest common divisor of 1 and h?
1
Suppose -t + 3*t = -2*m + 168, -5*t = 20. Suppose -l + 2*q = 4*l - 104, -5*q = 4*l - 103. What is the greatest common divisor of m and l?
22
Suppose -2*q = -m + 46, 3*q - 4 - 17 = -m. Let u = m - 14. Calculate the greatest common divisor of u and 33.
11
Suppose 3*y + 13 = 3*r - 98, 0 = -5*r + 3*y + 175. Calculate the greatest common divisor of 80 and r.
16
Suppose d - 4*d = -72. Suppose 2*y - 18 = -5*h + 6*y, 0 = 2*h - 5*y + 3. What is the greatest common divisor of h and d?
6
Let u be 3/(0 - 3/(-2)). Let k be (u/4)/(2/120). Let z = 2 + 8. What is the highest common divisor of z and k?
10
Let n(g) = g**2 - 12*g - 24. Let h be n(14). What is the greatest common divisor of 14 and h?
2
Suppose k - 20 = 4*u, -4*u = -6*k + k + 36. Let i be (-2)/k*4/(-1). Let c be (-54)/(-5) - 12/15. What is the highest common factor of c and i?
2
Let n(l) = -2*l + 3 + 0*l**3 - 2 + l**3 + 5*l + 2*l**2. Let g be n(-2). Let u = 5 - g. Calculate the highest common factor of u and 15.
5
Let o(a) be the first derivative of -a**4/4 + 3*a**3 - 3*a**2 - 2*a - 4. Let m be o(6). What is the highest common divisor of 10 and m?
10
Suppose 3*y - 4 = -2*h, -h - 1 = y - 4. Let r = 40 + -18. Suppose 0 = -5*m - 4*k - 6, k + 2*k + r = 5*m. Calculate the greatest common divisor of h and m.
1
Let n(w) = 7*w**2 - 6*w - 5. Let y be n(-1). Calculate the highest common factor of y and 36.
4
Let x(p) = p. Let h be x(8). Let f be (8/(-6))/(h/(-12)). Suppose n - 5*s = -7, f - 6 = -4*n + 4*s. Calculate the greatest common divisor of 21 and n.
3
Let b be (-368)/(-2 - 0) + -3. Let t be (0 - 1) + b/1. Suppose -8*w + t = -3*w. Calculate the highest common divisor of 4 and w.
4
Suppose -3*o + 22 = 4*s - 2*s, 4*o = 2*s - 50. Let m be 187/(-2)*(1 + -3). What is the greatest common factor of s and m?
17
Suppose 3*i - 17 = 2*i. Let m = -3132 + 1821. Let j be m/(-11) - (-2)/(-11). What is the highest common divisor of i and j?
17
Let u(o) = o**3 - 2*o**2 - 8*o + 5. Let v be u(5). Suppose 4*q - v = -2*y, -3*q - y = 4*y - 37. What is the highest common factor of 3 and q?
3
Let f(o) = 2*o**3 + 19*o**2 + 6*o + 7. Let s be f(-9). What is the greatest common factor of 272 and s?
34
Let g(d) = 2*d**2 - 9*d + 6. Let s be g(11). Let l = 211 - s. What is the greatest common divisor of 31 and l?
31
Let r = -11 - -7. Let j be r*(3/(-6) - 1). Let v = j + 6. What is the highest common factor of 36 and v?
12
Let s = -36 + 70. Suppose -3*n + 202 = s. Let f(x) = -x**3 + x**2 - 2*x - 2. Let j be f(-2). What is the highest common factor of n and j?
14
Suppose -4*y + 37 - 13 = 0. Calculate the highest common divisor of y and 6.
6
Let b(a) = -a**2 + 0 - 5*a + a**3 + 7*a**2 - 2. Let i be b(-4). Let c = -16 + 36. Calculate the greatest common divisor of i and c.
10
Let c be (0 - -1)*(-132)/(-4). Calculate the greatest common factor of c and 11.
11
Let t be 33/7 + 2/7. Suppose -t*n = -376 - 29. What is the greatest common factor of 9 and n?
9
Suppose -i + 9 = 2*x, 2*x + 1 = -0*x - 3*i. Let f be 52/(-12)*-3 + 1. Calculate the greatest common factor of x and f.
7
Let g = -8 + 13. Let w = 9 - g. Suppose -13 - 3 = w*o, -3*o = 3*j - 27. What is the highest common factor of 52 and j?
13
Let c(j) be the third derivative of 19*j**5/60 + j**3/6 + 3*j**2. Let n be c(1). What is the highest common factor of 80 and n?
20
Suppose 19 = -3*v - 5*k, 0*v - 3*k - 13 = v. Let o be 2/(4/55)*v. Calculate the greatest common factor of 11 and o.
11
Let a(m) = 7*m**2 + 2*m. Let o be a(-2). Calculate the highest common divisor of o and 16.
8
Let c(v) = -38*v + 49*v + 1 - 2. Let y be c(3). What is the highest common divisor of 8 and y?
8
Let w = 2 + 23. Suppose 2*j + 1750 = 5*m, -4*m + 4*j = 231 - 1631. Suppose q - 3*q + m = 0. Calculate the highest common factor of q and w.
25
Suppose v = 7*v - 36. Calculate the greatest common factor of 6 and v.
6
Let z(g) = 55*g + 10. Let h be z(3). What is the highest common divisor of 25 and h?
25
Suppose 0 = 4*p - 2*t - 2 - 4, -p + 19 = 3*t. Suppose 0 = 3*i - p*i - 1. Let j be (2 - (3 + i)) + 4. Calculate the greatest common divisor of 4 and j.
4
Let n = 26 - 14. Calculate the greatest common divisor of 24 and n.
12
Let l(h) = -h**3 + h**2 + 5. Let g be l(0). Let s(x) = 6*x**2 + x - 12. Let n be s(g). What is the highest common factor of n and 13?
13
Let z be (-5)/(2 + (-4 - -1)). Calculate the greatest common divisor of z and 5.
5
Let j(z) = 38*z + 2. Let k be j(8). Calculate the greatest common factor of 34 and k.
34
Suppose -d + 41 = 16. Calculate the highest common factor of d and 5.
5
Suppose -2*p - 375 = -4*f - f, 5*p - 150 = -2*f. Calculate the highest common divisor of 15 and f.
15
Let c = 38 - 55. Let r = c - -26. What is the greatest common divisor of 18 and r?
9
Let o be (0 - 0/(-3)) + -5 + 7. Calculate the highest common factor of 10 and o.
2
Suppose -j + 4 = 2. Suppose -j*w = w - 3. Calculate the highest common factor of w and 4.
1
Let r = 184 - 109. Let j = -45 - -75. What is the highest common factor of j and r?
15
Let g be (66/(-55))/((-6)/10). Suppose 2*n - 5 + 13 = 3*i, i = 4*n + 26. Let x be 2/4 - n/2. Calculate the greatest common divisor of x and g.
2
Let i(g) = -3*g**2 + 6*g**3 - 2*g**2 + g - 5*g**3 + 1. Let z be i(5). Let a be 0/z + 0 + 60. What is the highest common factor of a and 24?
12
Suppose -3*q + 1045 = -2*k + 256, 0 = 4*k + 2*q + 1618. Let r be 2/(-5) - k/30. What is the greatest common divisor of r and 39?
13
Let q = 10 - 0. Let a be q*9/6 + -3. What is the greatest common factor of 12 and a?
12
Let a = 3 + -3. Suppose -2*n + 0*n = a. Suppose n*d = d - 25. Calculate the highest common divisor of 10 and d.
5
Let t = 11 + 1. Calculate the greatest common factor of t and 4.
4
Suppose 0 = -7*g + 3*g. Suppose -2*s + g*s + o + 7 = 0, 19 = 5*s - 3*o. What is the highest common divisor of 10 and s?
2
Suppose -r + 0*r - 3*x + 2 = 0, 0 = 5*r + 5*x - 10. Let d be (6/r)/(-3 - -2). Let b be (4/d)/(1/(-9)). Calculate the greatest common factor of 30 and b.
6
Let g(l) = l**3 - 3*l**2 - l + 3. Let q be g(3). Suppose a + q*a = -1. Let u be (a/(-3))/((-3)/(-9)). What is the highest common divisor of 2 and u?
1
Suppose -4*k = -k - 69. Calculate the greatest common factor of 46 and k.
23
Let q(z) = z - 7. Let r be q(13). What is the greatest common factor of 54 and r?
6
Suppose 0 = 4*a - 6 - 14. Suppose 0 = -6*m + a*m + 11. Let t be (44 + 0)*(0 + 2). What is the greatest common divisor of t and m?
11
Let l = 19 + -19. Suppose l*o = -2*o + 8. Calculate the highest common factor of o and 32.
4
Let r(l) = l**3 - 18*l**2 + 5*l - 2. Let u be r(18). Let j = -9 - -17. Calculate the greatest common factor of u and j.
8
Suppose 4 = 5*c - 3*c. Suppose 0 = -a - 0*a - s, -3*s = -2*a + 25. Suppose a*m - 15 = c*m. What is the highest common factor of 35 and m?
5
Suppose -3*d = -v + 2, 0 = 3*v + v + 5*d - 76. What is the greatest common factor of v and 154?
14
Let o = 8 + -6. Suppose y + 60 = o*y. Calculate the greatest common divisor of y and 15.
15
Let o = -22 - -25. Suppose o*d - 20 = 13. What is the highest common factor of d and 99?
11
Let j be ((-414)/(-184))/((-1)/(4*-1)). What is the greatest common divisor of j and 45?
9
Suppose 0 = 2*j - 4*j - 6, 5*j = -y + 6. Let b be (40/(-14))/((-6)/y). What is the highest common factor of 20 and b?
10
Let p(z) = 2*z**2 - 4*z + 3. Let m be p(2). Let f(h) = -h. Let k be f(4). Let s = 6 + k. What is the highest common factor of m and s?
1
Let l(q) = -7*q**3 + 3*q**2 + 2*q - 7. Let f be l(-3). What is the greatest common factor of 29 and f?
29
Suppose -4*l = 40 - 176. Let c = -4 + 8. Suppose -2*z = -c*z + l. What is the highest common divisor of z and 51?
17
Let h = 26 - 20. Calculate the greatest common divisor of h and 4.
2
Let n be 6/8 + ((-327)/(-12) - 0). What is the greatest common factor